mmon factor of 16 and a.
2
Let n(d) = -92*d - 1. Let u be n(-8). Suppose -4*l = l - u. What is the greatest common factor of 21 and l?
21
Let m be 2*(6/4 - 0). Suppose 5*d = -p - 244, 4*p = -2*d - 3*d - 241. Let x = 73 + d. What is the greatest common divisor of x and m?
3
Suppose -12 = -0*f - 3*f. Suppose 3*c - 2 = -x - 3, 0 = -4*x - c + 29. Calculate the highest common divisor of x and f.
4
Suppose 9 = g - 4*g. Let j(b) = -4*b**3 - 2*b**2 - 2*b + 4. Let r be j(g). What is the highest common divisor of 20 and r?
20
Let d be ((-12)/(-3))/(1 + 22/(-24)). Calculate the greatest common divisor of d and 12.
12
Let a be (-3)/((-3)/27 - 0). Let d = 183 - 48. Calculate the highest common divisor of a and d.
27
Suppose t = 3*t - 48. Let z(m) = -m - 8. Let d be z(7). Let c = t + d. What is the highest common divisor of c and 72?
9
Let w = 115 - 63. What is the highest common factor of w and 130?
26
Let g = -2 - -4. Suppose -18 = -4*c + g*c. Let a be (-1004)/(-14) - 2/(-7). What is the highest common divisor of c and a?
9
Let z(h) = -4*h - 5. Let c be z(-4). Suppose 128 = 5*x - 12. Let m = x + 49. Calculate the highest common factor of m and c.
11
Let j(z) = -z**2 + 1. Let q be j(-1). Suppose 0 = -0*l + l + 3*u - 3, q = -3*l + 3*u - 15. Let s = 4 - l. What is the highest common divisor of s and 7?
7
Suppose 5*z + 4*z - 270 = 0. Let j be 6*2/((-4)/(-6)). Suppose 3*n + 0 = j. Calculate the greatest common divisor of z and n.
6
Let h(r) = 83*r - 3. Let b(n) = -42*n + 1. Let l(y) = 7*b(y) + 3*h(y). Let w be l(-2). Calculate the highest common divisor of 8 and w.
8
Let s be (-2 - -4) + -1 + 40/10. What is the greatest common factor of 10 and s?
5
Suppose 3*b + 32 = 140. Let q(i) = 3*i + 9. Let v be q(-6). Let g = -5 - v. What is the greatest common factor of g and b?
4
Suppose 922 = 10*k + 282. What is the greatest common factor of k and 16?
16
Let l(v) = 5*v**2 - 2*v. Let t be l(2). Let k(j) = 2*j**2 + 7*j - 5. Let u be k(5). What is the highest common factor of t and u?
16
Let c = -36 - -38. Calculate the greatest common factor of 8 and c.
2
Let b = 41 + -34. What is the highest common divisor of 56 and b?
7
Suppose -2*k = -2*p + 3*k + 83, -2*k - 6 = 0. What is the highest common divisor of p and 68?
34
Suppose -f + 2*g = -0*f - 12, 32 = f + 2*g. Let z = 201 - -525. Suppose -2*t - t = -z. What is the highest common divisor of t and f?
22
Suppose 3*c = 4*y - 67, 3*c + 23 = y + c. Let w be (y/(-7) - -1)*-21. What is the highest common factor of 27 and w?
9
Suppose t = 0, j = 3*t - t + 1. Calculate the highest common divisor of j and 3.
1
Suppose 4*x = -2*v + 148 - 42, -5*v = x - 49. Suppose -3*q = -t - 8*q + 34, -124 = -5*t - 2*q. What is the greatest common divisor of t and x?
24
Let f be ((-1)/2)/(2/(-24)). Suppose 0 = 2*s - 4 + 8. Let t = s + 4. Calculate the highest common divisor of f and t.
2
Suppose 4 + 0 = -2*h, -5*y - 2*h + 156 = 0. What is the greatest common divisor of y and 288?
32
Suppose 3*b + b - 8 = 0. Let k be (-2)/b + (5 - -12). Calculate the highest common factor of k and 40.
8
Let g(n) = -5 + 5*n - 14*n + 8. Let f be g(-5). What is the greatest common divisor of 6 and f?
6
Suppose 0 = -4*c - 2*t + 32, 3*c + 3*t - 8 = c. What is the greatest common divisor of c and 30?
10
Let w = 24 - -6. Let t(j) = 2*j + 4. Let u be t(4). Calculate the greatest common factor of u and w.
6
Let u be ((-2)/4)/((-6)/3504). Suppose -y + u = -3*s - 148, -3*s = -3. Let o = y - 300. Calculate the highest common divisor of o and 13.
13
Let a = -4 - -16. What is the highest common divisor of a and 48?
12
Let l be 2/(-9) + (-326)/(-9). Suppose 3*v + 8 + 34 = 3*n, 0 = -v - 5. What is the greatest common factor of n and l?
9
Let m = 80 + -45. Calculate the greatest common divisor of 14 and m.
7
Suppose 2*x - 1 = 13. Suppose 43 + 92 = 2*z - 3*w, -3*z - 5*w + 174 = 0. What is the highest common factor of x and z?
7
Let k = 470 + -214. What is the highest common factor of k and 32?
32
Suppose 28 - 40 = -r. Calculate the highest common divisor of r and 36.
12
Let f be (4 + -8)*143/(-4). What is the greatest common factor of 11 and f?
11
Let z(s) = -s + 4. Let o be z(0). Suppose 0 = 2*a + 5*y + 28, 4*a = y - 60 + 4. Let x = 24 + a. Calculate the greatest common factor of o and x.
2
Let h(l) = -3*l - 3. Let j be h(-5). What is the greatest common factor of j and 72?
12
Let z = 9 + -6. What is the highest common factor of 9 and z?
3
Suppose 5*r = 556 - 31. Suppose r = 6*j - 39. Calculate the greatest common divisor of 192 and j.
24
Suppose 0 = -2*f + 40 + 28. Let y = 65 + f. What is the greatest common divisor of y and 11?
11
Suppose i - 14 - 6 = 4*a, -3*i = -4*a - 20. Suppose -3*o + 15 = 0, -4*m + 2*m - 2*o + 40 = i. Calculate the greatest common factor of m and 5.
5
Let c = -53 - -56. Suppose -5*n = 3*j - 91, 5*j + 2*n + n = 141. Calculate the greatest common divisor of j and c.
3
Suppose v + x = -3*x + 143, -2*v = -4*x - 262. What is the greatest common factor of v and 27?
27
Let b = -19 + -15. Let h = b + 60. What is the greatest common divisor of h and 65?
13
Let s be (-12)/(-7) + 6/21. Let q(m) = -8*m**3 - m**2 + 1. Let l be q(1). Let k be (0 - (-28)/l)*-4. What is the highest common divisor of k and s?
2
Let j = -124 + 514. Suppose h + 2*h + 5*b = 206, j = 5*h - b. Calculate the highest common factor of 7 and h.
7
Suppose 2*x = -8, r - 343 = -x + 137. Suppose -5*p - r = -9*p. Calculate the greatest common factor of 11 and p.
11
Let a(l) = l**2 - 5*l + 4. Let z be a(6). Let r = -27 + 62. Suppose -155 = -0*c - 3*c + 5*n, -c + 5*n + r = 0. Calculate the highest common divisor of z and c.
10
Let z be (-290)/(-6) + -2 + 15/9. Calculate the greatest common divisor of 120 and z.
24
Suppose 0 = -3*w - 0*w. Suppose -2*k - 3*u + 38 = 0, -4*u + 19 = k - w*u. What is the greatest common factor of k and 38?
19
Suppose 4*v - v - 120 = 0. Suppose -4*p = -0*r - 2*r, -36 = -2*r - 5*p. Calculate the highest common factor of r and v.
8
Let h = -4 - -14. What is the highest common factor of h and 80?
10
Suppose -2*q = -39 - 21. What is the greatest common factor of 90 and q?
30
Let y be 2 - 3 - (-125)/5. Suppose 0*q - y = -4*q. Let g be 1/2 - (-177)/q. What is the greatest common divisor of 15 and g?
15
Let c = -11 - -11. Suppose -2*a - 2*a + 24 = c. What is the greatest common divisor of a and 42?
6
Let i be (-11 + 4 + 1)/(-2). Calculate the greatest common factor of 4 and i.
1
Let q be (-4 - (-94)/6)*3. Calculate the highest common divisor of 350 and q.
35
Let x(w) = -2 - 4 + 5 - 2*w**3 + 0*w**3 - w. Let j be x(-1). Calculate the highest common factor of j and 10.
2
Let a be (112 - -1) + 2 - (1 + -3). Let t be (13/3)/(2/6). Calculate the highest common divisor of a and t.
13
Let y be (8/1)/2*5. What is the greatest common divisor of 8 and y?
4
Let d(v) = -v + 1. Let r be d(6). Let s = 8 - r. Let a = 422 - 292. What is the greatest common divisor of a and s?
13
Suppose -g + 4 = 2. Suppose -4*x + 10 = -2*x. Suppose -2*l + x = 4*k + 1, k = 0. Calculate the greatest common divisor of l and g.
2
Let n be 42/4*16/4. Let m = 76 - n. Let u be (m - -1) + (-4)/(-4). What is the highest common factor of 9 and u?
9
Suppose 0 = 2*q - 21 - 11. Let y(s) be the first derivative of s**3 - 3*s**2 - 8*s - 1. Let z be y(6). What is the highest common divisor of z and q?
16
Suppose 3*n - 3*p = -4845, p - 2*p = 3*n + 4861. Let v = 1073 + n. Let m be v/(-12) + 2/(-4). Calculate the highest common factor of m and 15.
15
Suppose -136 = -3*u - 0*u + y, -u - 2*y + 50 = 0. What is the greatest common divisor of 23 and u?
23
Let u be 3 - (-795)/21 - 3/(-21). What is the greatest common factor of u and 328?
41
Suppose 5*o - 3*p - 470 = 2*p, 0 = 4*p + 16. Suppose -4 = 4*z - 76. Calculate the highest common factor of o and z.
18
Suppose -4*x + 1 = -3*w - 67, 100 = -5*w + 4*x. Let i = -10 - w. What is the greatest common factor of i and 66?
6
Suppose -4*a = -0*t + t - 72, 5*t + 90 = 5*a. Let h = a + -12. Calculate the highest common factor of 4 and h.
2
Let w(d) = -2*d - 1. Let o be w(-5). Let z = 9 - o. Suppose -3*u - 5*f + 47 = z, u - 61 = -3*u - 5*f. What is the greatest common factor of 70 and u?
14
Suppose -5 = 3*x - 2, 0 = 5*r - 3*x - 43. Suppose 6 + 6 = -3*n. Let f be r/n*(-6)/4. Calculate the highest comm